{"id":10,"date":"2024-09-17T16:28:16","date_gmt":"2024-09-17T19:28:16","guid":{"rendered":"https:\/\/maismeninasnatecnologia.com\/loja\/?page_id=10"},"modified":"2024-09-17T16:58:16","modified_gmt":"2024-09-17T19:58:16","slug":"reembolso_devolucoes","status":"publish","type":"page","link":"https:\/\/maismeninasnatecnologia.com\/loja\/reembolso_devolucoes\/","title":{"rendered":"Pol\u00edtica de reembolso e devolu\u00e7\u00f5es"},"content":{"rendered":"<p>Esta pol\u00edtica de troca entra em vigor a partir de Setembro de 2024.<\/p><p>Se n\u00e3o estiver satisfeito com o produto ou se arrependeu da compra, \u00e9 poss\u00edvel solicitar uma troca ou devolu\u00e7\u00e3o dentro do prazo de 7 dias a partir da data de recebimento do pedido no seu endere\u00e7o.<\/p><h2 class=\"wp-block-heading\">Condi\u00e7\u00f5es para efetuar uma troca<\/h2><p>Para realizar a troca, \u00e9 necess\u00e1rio que o produto esteja em perfeito estado, sem sinais de uso, ou seja, nas mesmas condi\u00e7\u00f5es em que foi recebido. Al\u00e9m disso, \u00e9 indispens\u00e1vel que o item esteja na embalagem original.<\/p><h3 class=\"wp-block-heading\">Itens adicionais que n\u00e3o podem ser devolvidos:<\/h3><ul class=\"wp-block-list\"><li>Cart\u00f5es-presente<\/li>\n\n<li>Produtos de software para download<\/li>\n\n<li>Alguns itens de sa\u00fade e cuidados pessoais<\/li>\n\n<li>Para completar sua devolu\u00e7\u00e3o, precisamos de um recibo ou prova de compra.<\/li><\/ul><p>Por favor, n\u00e3o envie sua compra de volta para o fabricante.<\/p><h3 class=\"wp-block-heading\">Como solicitar uma troca<\/h3><p>Envie um e-mail para larissa@maismeninasnatecnologia.com, informando seu nome completo, n\u00famero do pedido e motivo da troca. Ap\u00f3s isso, voc\u00ea receber\u00e1 nosso contato com as informa\u00e7\u00f5es necess\u00e1rias para efetuar a troca.<\/p><h2 class=\"wp-block-heading\">Condi\u00e7\u00f5es para devolu\u00e7\u00e3o por arrependimento<\/h2><p>Caso haja arrependimento da compra, \u00e9 poss\u00edvel realizar a devolu\u00e7\u00e3o do pedido em at\u00e9 7 dias a partir da data de recebimento no endere\u00e7o indicado.<\/p><h3 class=\"wp-block-heading\">Como solicitar uma devolu\u00e7\u00e3o por arrependimento<\/h3><p>Para solicitar a devolu\u00e7\u00e3o por arrependimento, envie um e-mail para larissa@maismeninasnatecnologia.com, informando seu nome completo e n\u00famero do pedido. O reembolso ser\u00e1 processado em at\u00e9 30 dias a partir do recebimento dos produtos devolvidos. O valor ser\u00e1 reembolsado utilizando o mesmo m\u00e9todo de pagamento escolhido durante a compra em nossa loja virtual. N\u00e3o haver\u00e1 custos adicionais para o reembolso.<\/p><h2 class=\"wp-block-heading\">Produtos com defeito de fabrica\u00e7\u00e3o<\/h2><p>Conforme previsto na legisla\u00e7\u00e3o brasileira, no caso de produtos com defeito de fabrica\u00e7\u00e3o, \u00e9 garantido o direito de solicitar a devolu\u00e7\u00e3o em at\u00e9 30 dias a partir da data de recebimento do pedido no endere\u00e7o indicado.<\/p><h3 class=\"wp-block-heading\">Como solicitar a devolu\u00e7\u00e3o de produtos com defeito<\/h3><p>Para solicitar a devolu\u00e7\u00e3o de produtos com defeito, envie um e-mail para larissa@maismeninasnatecnologia.com, informando seu nome completo, n\u00famero do pedido e detalhes sobre o defeito de fabrica\u00e7\u00e3o, acompanhados de fotos ou v\u00eddeos ilustrativos. Realizaremos a an\u00e1lise do seu caso em at\u00e9 30 dias a partir do recebimento dos produtos devolvidos. O reembolso ser\u00e1 efetuado pelo mesmo m\u00e9todo de pagamento utilizado na compra em nossa loja virtual. N\u00e3o haver\u00e1 custos adicionais para receber o reembolso.<\/p><h2 class=\"wp-block-heading\">Processo de devolu\u00e7\u00e3o dos produtos<\/h2><p>Conforme estabelecido pelo Direito do Consumidor, os custos de envio para devolu\u00e7\u00e3o de produtos por direito de arrependimento ou por apresentarem defeito de fabrica\u00e7\u00e3o ser\u00e3o assumidos pela nossa loja por meio do processo de log\u00edstica reversa.<\/p><p>Ap\u00f3s solicitar a troca ou devolu\u00e7\u00e3o, voc\u00ea receber\u00e1 um c\u00f3digo de autoriza\u00e7\u00e3o de postagem por e-mail. Posteriormente, \u00e9 necess\u00e1rio enviar o produto a uma ag\u00eancia dos Correios. Vale mencionar que n\u00e3o cobrimos os custos de embalagem. Portanto, sugerimos utilizar a embalagem original da compra (caso n\u00e3o esteja danificada) ou uma caixa apropriada para preservar as pe\u00e7as durante o transporte.<\/p><h2 class=\"wp-block-heading\">Entre em contato conosco<\/h2><p>Caso voc\u00ea tenha qualquer d\u00favida sobre a nossa pol\u00edtica de troca, por favor, entre em contato pelo larissa@maismeninasnatecnologia.com.<\/p><p><\/p>","protected":false},"excerpt":{"rendered":"<p>Esta pol\u00edtica de troca entra em vigor a partir de Setembro de 2024. Se n\u00e3o estiver satisfeito com o produto ou se arrependeu da compra, \u00e9 poss\u00edvel solicitar uma troca ou devolu\u00e7\u00e3o dentro do prazo de 7 dias a partir da data de recebimento do pedido no seu endere\u00e7o. Condi\u00e7\u00f5es para efetuar uma troca Para [&hellip;]<\/p>\n","protected":false},"author":1,"featured_media":0,"parent":0,"menu_order":0,"comment_status":"closed","ping_status":"closed","template":"","meta":{"footnotes":""},"class_list":["post-10","page","type-page","status-publish","hentry"],"yoast_head":"<!-- This site is optimized with the Yoast SEO plugin v23.4 - https:\/\/yoast.com\/wordpress\/plugins\/seo\/ -->\n<title>Pol\u00edtica de reembolso e devolu\u00e7\u00f5es - Loja Mais Meninas na Tecnologia<\/title>\n<meta name=\"robots\" content=\"noindex, follow\" \/>\n<meta property=\"og:locale\" content=\"pt_BR\" \/>\n<meta property=\"og:type\" content=\"article\" \/>\n<meta property=\"og:title\" content=\"Pol\u00edtica de reembolso e devolu\u00e7\u00f5es - Loja Mais Meninas na Tecnologia\" \/>\n<meta property=\"og:description\" content=\"Esta pol\u00edtica de troca entra em vigor a partir de Setembro de 2024. Se n\u00e3o estiver satisfeito com o produto ou se arrependeu da compra, \u00e9 poss\u00edvel solicitar uma troca ou devolu\u00e7\u00e3o dentro do prazo de 7 dias a partir da data de recebimento do pedido no seu endere\u00e7o. Condi\u00e7\u00f5es para efetuar uma troca Para [&hellip;]\" \/>\n<meta property=\"og:url\" content=\"https:\/\/maismeninasnatecnologia.com\/loja\/reembolso_devolucoes\/\" \/>\n<meta property=\"og:site_name\" content=\"Loja Mais Meninas na Tecnologia\" \/>\n<meta property=\"article:modified_time\" content=\"2024-09-17T19:58:16+00:00\" \/>\n<meta property=\"og:image\" content=\"https:\/\/maismeninasnatecnologia.com\/loja\/wp-content\/uploads\/2024\/09\/hero.png\" \/>\n\t<meta property=\"og:image:width\" content=\"1350\" \/>\n\t<meta property=\"og:image:height\" content=\"596\" \/>\n\t<meta property=\"og:image:type\" content=\"image\/png\" \/>\n<meta name=\"twitter:card\" content=\"summary_large_image\" \/>\n<meta name=\"twitter:label1\" content=\"Est. tempo de leitura\" \/>\n\t<meta name=\"twitter:data1\" content=\"3 minutos\" \/>\n<script type=\"application\/ld+json\" class=\"yoast-schema-graph\">{\"@context\":\"https:\/\/schema.org\",\"@graph\":[{\"@type\":\"WebPage\",\"@id\":\"https:\/\/maismeninasnatecnologia.com\/loja\/reembolso_devolucoes\/\",\"url\":\"https:\/\/maismeninasnatecnologia.com\/loja\/reembolso_devolucoes\/\",\"name\":\"Pol\u00edtica de reembolso e devolu\u00e7\u00f5es - Loja Mais Meninas na Tecnologia\",\"isPartOf\":{\"@id\":\"https:\/\/maismeninasnatecnologia.com\/loja\/#website\"},\"datePublished\":\"2024-09-17T19:28:16+00:00\",\"dateModified\":\"2024-09-17T19:58:16+00:00\",\"breadcrumb\":{\"@id\":\"https:\/\/maismeninasnatecnologia.com\/loja\/reembolso_devolucoes\/#breadcrumb\"},\"inLanguage\":\"pt-BR\",\"potentialAction\":[{\"@type\":\"ReadAction\",\"target\":[\"https:\/\/maismeninasnatecnologia.com\/loja\/reembolso_devolucoes\/\"]}]},{\"@type\":\"BreadcrumbList\",\"@id\":\"https:\/\/maismeninasnatecnologia.com\/loja\/reembolso_devolucoes\/#breadcrumb\",\"itemListElement\":[{\"@type\":\"ListItem\",\"position\":1,\"name\":\"In\u00edcio\",\"item\":\"https:\/\/maismeninasnatecnologia.com\/loja\/\"},{\"@type\":\"ListItem\",\"position\":2,\"name\":\"Pol\u00edtica de reembolso e devolu\u00e7\u00f5es\"}]},{\"@type\":\"WebSite\",\"@id\":\"https:\/\/maismeninasnatecnologia.com\/loja\/#website\",\"url\":\"https:\/\/maismeninasnatecnologia.com\/loja\/\",\"name\":\"Loja Mais Meninas na Tecnologia\",\"description\":\"A Loja da Mais Meninas na Tecnologia\",\"publisher\":{\"@id\":\"https:\/\/maismeninasnatecnologia.com\/loja\/#organization\"},\"potentialAction\":[{\"@type\":\"SearchAction\",\"target\":{\"@type\":\"EntryPoint\",\"urlTemplate\":\"https:\/\/maismeninasnatecnologia.com\/loja\/?s={search_term_string}\"},\"query-input\":{\"@type\":\"PropertyValueSpecification\",\"valueRequired\":true,\"valueName\":\"search_term_string\"}}],\"inLanguage\":\"pt-BR\"},{\"@type\":\"Organization\",\"@id\":\"https:\/\/maismeninasnatecnologia.com\/loja\/#organization\",\"name\":\"Loja Mais Meninas na Tecnologia\",\"url\":\"https:\/\/maismeninasnatecnologia.com\/loja\/\",\"logo\":{\"@type\":\"ImageObject\",\"inLanguage\":\"pt-BR\",\"@id\":\"https:\/\/maismeninasnatecnologia.com\/loja\/#\/schema\/logo\/image\/\",\"url\":\"https:\/\/maismeninasnatecnologia.com\/loja\/wp-content\/uploads\/2024\/09\/logo-loja.png\",\"contentUrl\":\"https:\/\/maismeninasnatecnologia.com\/loja\/wp-content\/uploads\/2024\/09\/logo-loja.png\",\"width\":570,\"height\":190,\"caption\":\"Loja Mais Meninas na Tecnologia\"},\"image\":{\"@id\":\"https:\/\/maismeninasnatecnologia.com\/loja\/#\/schema\/logo\/image\/\"},\"sameAs\":[\"https:\/\/www.instagram.com\/maismeninasnatecnologia\/\"]}]}<\/script>\n<!-- \/ Yoast SEO plugin. -->","yoast_head_json":{"title":"Pol\u00edtica de reembolso e devolu\u00e7\u00f5es - Loja Mais Meninas na Tecnologia","robots":{"index":"noindex","follow":"follow"},"og_locale":"pt_BR","og_type":"article","og_title":"Pol\u00edtica de reembolso e devolu\u00e7\u00f5es - Loja Mais Meninas na Tecnologia","og_description":"Esta pol\u00edtica de troca entra em vigor a partir de Setembro de 2024. Se n\u00e3o estiver satisfeito com o produto ou se arrependeu da compra, \u00e9 poss\u00edvel solicitar uma troca ou devolu\u00e7\u00e3o dentro do prazo de 7 dias a partir da data de recebimento do pedido no seu endere\u00e7o. Condi\u00e7\u00f5es para efetuar uma troca Para [&hellip;]","og_url":"https:\/\/maismeninasnatecnologia.com\/loja\/reembolso_devolucoes\/","og_site_name":"Loja Mais Meninas na Tecnologia","article_modified_time":"2024-09-17T19:58:16+00:00","og_image":[{"width":1350,"height":596,"url":"https:\/\/maismeninasnatecnologia.com\/loja\/wp-content\/uploads\/2024\/09\/hero.png","type":"image\/png"}],"twitter_card":"summary_large_image","twitter_misc":{"Est. tempo de leitura":"3 minutos"},"schema":{"@context":"https:\/\/schema.org","@graph":[{"@type":"WebPage","@id":"https:\/\/maismeninasnatecnologia.com\/loja\/reembolso_devolucoes\/","url":"https:\/\/maismeninasnatecnologia.com\/loja\/reembolso_devolucoes\/","name":"Pol\u00edtica de reembolso e devolu\u00e7\u00f5es - Loja Mais Meninas na Tecnologia","isPartOf":{"@id":"https:\/\/maismeninasnatecnologia.com\/loja\/#website"},"datePublished":"2024-09-17T19:28:16+00:00","dateModified":"2024-09-17T19:58:16+00:00","breadcrumb":{"@id":"https:\/\/maismeninasnatecnologia.com\/loja\/reembolso_devolucoes\/#breadcrumb"},"inLanguage":"pt-BR","potentialAction":[{"@type":"ReadAction","target":["https:\/\/maismeninasnatecnologia.com\/loja\/reembolso_devolucoes\/"]}]},{"@type":"BreadcrumbList","@id":"https:\/\/maismeninasnatecnologia.com\/loja\/reembolso_devolucoes\/#breadcrumb","itemListElement":[{"@type":"ListItem","position":1,"name":"In\u00edcio","item":"https:\/\/maismeninasnatecnologia.com\/loja\/"},{"@type":"ListItem","position":2,"name":"Pol\u00edtica de reembolso e devolu\u00e7\u00f5es"}]},{"@type":"WebSite","@id":"https:\/\/maismeninasnatecnologia.com\/loja\/#website","url":"https:\/\/maismeninasnatecnologia.com\/loja\/","name":"Loja Mais Meninas na Tecnologia","description":"A Loja da Mais Meninas na Tecnologia","publisher":{"@id":"https:\/\/maismeninasnatecnologia.com\/loja\/#organization"},"potentialAction":[{"@type":"SearchAction","target":{"@type":"EntryPoint","urlTemplate":"https:\/\/maismeninasnatecnologia.com\/loja\/?s={search_term_string}"},"query-input":{"@type":"PropertyValueSpecification","valueRequired":true,"valueName":"search_term_string"}}],"inLanguage":"pt-BR"},{"@type":"Organization","@id":"https:\/\/maismeninasnatecnologia.com\/loja\/#organization","name":"Loja Mais Meninas na Tecnologia","url":"https:\/\/maismeninasnatecnologia.com\/loja\/","logo":{"@type":"ImageObject","inLanguage":"pt-BR","@id":"https:\/\/maismeninasnatecnologia.com\/loja\/#\/schema\/logo\/image\/","url":"https:\/\/maismeninasnatecnologia.com\/loja\/wp-content\/uploads\/2024\/09\/logo-loja.png","contentUrl":"https:\/\/maismeninasnatecnologia.com\/loja\/wp-content\/uploads\/2024\/09\/logo-loja.png","width":570,"height":190,"caption":"Loja Mais Meninas na Tecnologia"},"image":{"@id":"https:\/\/maismeninasnatecnologia.com\/loja\/#\/schema\/logo\/image\/"},"sameAs":["https:\/\/www.instagram.com\/maismeninasnatecnologia\/"]}]}},"_links":{"self":[{"href":"https:\/\/maismeninasnatecnologia.com\/loja\/wp-json\/wp\/v2\/pages\/10"}],"collection":[{"href":"https:\/\/maismeninasnatecnologia.com\/loja\/wp-json\/wp\/v2\/pages"}],"about":[{"href":"https:\/\/maismeninasnatecnologia.com\/loja\/wp-json\/wp\/v2\/types\/page"}],"author":[{"embeddable":true,"href":"https:\/\/maismeninasnatecnologia.com\/loja\/wp-json\/wp\/v2\/users\/1"}],"replies":[{"embeddable":true,"href":"https:\/\/maismeninasnatecnologia.com\/loja\/wp-json\/wp\/v2\/comments?post=10"}],"version-history":[{"count":2,"href":"https:\/\/maismeninasnatecnologia.com\/loja\/wp-json\/wp\/v2\/pages\/10\/revisions"}],"predecessor-version":[{"id":107,"href":"https:\/\/maismeninasnatecnologia.com\/loja\/wp-json\/wp\/v2\/pages\/10\/revisions\/107"}],"wp:attachment":[{"href":"https:\/\/maismeninasnatecnologia.com\/loja\/wp-json\/wp\/v2\/media?parent=10"}],"curies":[{"name":"wp","href":"https:\/\/api.w.org\/{rel}","templated":true}]}}